{"id":418,"date":"2022-03-15T14:59:21","date_gmt":"2022-03-15T13:59:21","guid":{"rendered":"http:\/\/localhost\/refugelanova\/?page_id=418"},"modified":"2022-03-24T11:06:36","modified_gmt":"2022-03-24T10:06:36","slug":"mentions-legales","status":"publish","type":"page","link":"https:\/\/refugelanova.com\/?page_id=418","title":{"rendered":"Mentions L\u00e9gales"},"content":{"rendered":"<h2 class=\"mb-y\">Editeur du site<\/h2>\n<p><strong>SARL AUBERGE-REFUGE LA NOVA<\/strong><\/p>\n<p>&nbsp;<\/p>\n<h2 class=\"my-4\">D\u00e9veloppement et Maintenance du site<\/h2>\n<p>Dieup&rsquo;Art Production<br \/>\n1584 Avenue Andr\u00e9 Lasquin<br \/>\n74700 Sallanches<br \/>\nT\u00e9l : 04 50 58 24 40<br \/>\nSite:\u00a0<span style=\"color: #ffffff;\"><strong><a style=\"color: #ffffff;\" href=\"http:\/\/www.dieupart.com\/\" target=\"_blank\" rel=\"noopener\">www.dieupart.com<\/a><\/strong><\/span>, Mail : web@dieupart.fr<\/p>\n<h2><\/h2>\n<h2 class=\"my-4\">Propri\u00e9t\u00e9 intellectuelle<\/h2>\n<p>&nbsp;<\/p>\n<p>Le contenu de ce site est prot\u00e9g\u00e9 par la propri\u00e9t\u00e9 litt\u00e9raire et artistique et le Code de la Propri\u00e9t\u00e9 Intellectuelle. Tous les \u00e9l\u00e9ments de propri\u00e9t\u00e9 intellectuelle, tels que les marques, logos, textes, photographies et images, graphiques, donn\u00e9es et animations sont la propri\u00e9t\u00e9 de REFUGE LA NOVA. REFUGE LA NOVA ne vous conc\u00e8de qu&rsquo;une autorisation de visualisation de son contenu \u00e0 titre personnel et priv\u00e9, \u00e0 l&rsquo;exclusion de toute visualisation ou diffusion publique.<\/p>\n<p>&nbsp;<\/p>\n<p>L&rsquo;autorisation de reproduction ne vous est conc\u00e9d\u00e9e que sous forme num\u00e9rique sur votre ordinateur de consultation, aux fins de visualisation des pages ouvertes par votre logiciel de navigation. L&rsquo;impression papier est autoris\u00e9e aux fins de copie priv\u00e9e, \u00e0 l&rsquo;usage exclusif du copiste au sens de l&rsquo;article L.122-5-2 du code de la Propri\u00e9t\u00e9 Intellectuelle.<\/p>\n<p>&nbsp;<\/p>\n<h2 class=\"my-4\">Responsabilit\u00e9s<\/h2>\n<p>&nbsp;<\/p>\n<p>S&rsquo;agissant des dommages directs ou indirects qui pourraient r\u00e9sulter de l&rsquo;acc\u00e8s ou de l&rsquo;utilisation du site ou des informations y figurant quelle qu&rsquo;en soit la nature, REFUGE LA NOVA d\u00e9cline toute responsabilit\u00e9 concernant l&rsquo;opportunit\u00e9 des d\u00e9cisions et les modalit\u00e9s de leur ex\u00e9cution prises par les utilisateurs sur la seule foi des informations publi\u00e9es sur le site.<br \/>\nREFUGE LA NOVA s&rsquo;engage \u00e0 faire ses meilleurs efforts pour assurer aux utilisateurs une accessibilit\u00e9 du site \u00e0 tout moment. REFUGE LA NOVA ne pourra \u00eatre tenue responsable, en cas d&rsquo;indisponibilit\u00e9 du site, pour quelque cause que ce soit.<\/p>\n<p>&nbsp;<\/p>\n<p>Le site de REFUGE LA NOVA peut proposer des liens vers d&rsquo;autres sites. Les sites auxquels renvoient ces liens hypertextes sont, sauf mention contraire, ind\u00e9pendants du site de REFUGE LA NOVA. D\u00e8s lors, REFUGE LA NOVA ne saurait \u00eatre responsable de leurs contenus, leurs produits, leurs publicit\u00e9s ou tous \u00e9l\u00e9ments ou services pr\u00e9sent\u00e9s sur ces sites. Tout lien hypertexte, de quelque nature qu&rsquo;il soit, permettant d&rsquo;acc\u00e9der au site de REFUGE LA NOVA ou \u00e0 l&rsquo;une quelconque de ses pages ou de ses \u00e9l\u00e9ments, n\u00e9cessite une autorisation pr\u00e9alable et \u00e9crite de REFUGE LA NOVA.<\/p>\n","protected":false},"excerpt":{"rendered":"<p>Editeur du site SARL AUBERGE-REFUGE LA NOVA &nbsp; D\u00e9veloppement et Maintenance du site Dieup&rsquo;Art Production 1584 Avenue Andr\u00e9 Lasquin 74700 Sallanches T\u00e9l : 04 50 58 24 40 Site:\u00a0www.dieupart.com, Mail : web@dieupart.fr Propri\u00e9t\u00e9 intellectuelle &nbsp; Le contenu de ce site est prot\u00e9g\u00e9 par la propri\u00e9t\u00e9 litt\u00e9raire et artistique et le Code de la Propri\u00e9t\u00e9 Intellectuelle&#8230;.  <a class=\"excerpt-read-more\" href=\"https:\/\/refugelanova.com\/?page_id=418\" title=\"LireMentions L\u00e9gales\">Lire la suite &raquo;<\/a><\/p>\n","protected":false},"author":1,"featured_media":0,"parent":0,"menu_order":0,"comment_status":"closed","ping_status":"closed","template":"templates-parts\/page-default.php","meta":{"footnotes":""},"class_list":["post-418","page","type-page","status-publish","hentry"],"acf":[],"lang":"fr","translations":{"fr":418},"pll_sync_post":[],"_links":{"self":[{"href":"https:\/\/refugelanova.com\/index.php?rest_route=\/wp\/v2\/pages\/418","targetHints":{"allow":["GET"]}}],"collection":[{"href":"https:\/\/refugelanova.com\/index.php?rest_route=\/wp\/v2\/pages"}],"about":[{"href":"https:\/\/refugelanova.com\/index.php?rest_route=\/wp\/v2\/types\/page"}],"author":[{"embeddable":true,"href":"https:\/\/refugelanova.com\/index.php?rest_route=\/wp\/v2\/users\/1"}],"replies":[{"embeddable":true,"href":"https:\/\/refugelanova.com\/index.php?rest_route=%2Fwp%2Fv2%2Fcomments&post=418"}],"version-history":[{"count":8,"href":"https:\/\/refugelanova.com\/index.php?rest_route=\/wp\/v2\/pages\/418\/revisions"}],"predecessor-version":[{"id":443,"href":"https:\/\/refugelanova.com\/index.php?rest_route=\/wp\/v2\/pages\/418\/revisions\/443"}],"wp:attachment":[{"href":"https:\/\/refugelanova.com\/index.php?rest_route=%2Fwp%2Fv2%2Fmedia&parent=418"}],"curies":[{"name":"wp","href":"https:\/\/api.w.org\/{rel}","templated":true}]}}